 of 43657421.
19, 2297759
What are the prime factors of 263468760?
2, 3, 5, 61, 35993
List the prime factors of 4503054136.
2, 7, 11487383
List the prime factors of 70664083.
7, 1867, 5407
What are the prime factors of 1535855594?
2, 7, 13, 173, 48779
List the prime factors of 1788422074.
2, 211, 4237967
What are the prime factors of 89515791?
3, 9946199
List the prime factors of 63221405.
5, 13, 972637
What are the prime factors of 2731301380?
2, 5, 136565069
List the prime factors of 120258550.
2, 5, 2405171
List the prime factors of 2411265550.
2, 5, 17, 223, 12721
List the prime factors of 1364796901.
13, 67, 317, 4943
List the prime factors of 51570058.
2, 83, 310663
What are the prime factors of 14731257?
3, 47, 191, 547
List the prime factors of 7007508.
2, 3, 194653
List the prime factors of 72797301.
3, 8088589
What are the prime factors of 679028172?
2, 3, 23, 233, 10559
List the prime factors of 199534525.
5, 17, 37, 12689
What are the prime factors of 147028453?
11, 13, 1009, 1019
What are the prime factors of 4893487656?
2, 3, 137, 257, 5791
List the prime factors of 228031859.
11, 179, 115811
What are the prime factors of 2327197667?
193, 12058019
What are the prime factors of 82772836?
2, 20693209
What are the prime factors of 77243319?
3, 2693, 3187
What are the prime factors of 255700581?
3, 113, 754279
What are the prime factors of 117536016?
2, 3, 13, 188359
What are the prime factors of 1776931?
13, 53, 2579
What are the prime factors of 932373611?
13, 83, 743, 1163
List the prime factors of 63018866.
2, 31509433
What are the prime factors of 555930673?
555930673
List the prime factors of 15407554.
2, 41, 187897
List the prime factors of 240285927.
3, 7, 11442187
List the prime factors of 647628886.
2, 47, 79, 87211
List the prime factors of 490225571.
11, 241, 16811
List the prime factors of 130934090.
2, 5, 7, 643, 2909
List the prime factors of 12764805.
3, 5, 173, 4919
List the prime factors of 133311156.
2, 3, 11, 353, 2861
List the prime factors of 189414386.
2, 7, 13529599
What are the prime factors of 54229303?
17, 71, 179, 251
List the prime factors of 98551169.
131, 752299
List the prime factors of 1098333501.
3, 17, 29, 742619
What are the prime factors of 427157759?
7, 17, 877, 4093
List the prime factors of 5682963308.
2, 11, 19, 29, 59, 137
What are the prime factors of 49011117?
3, 349, 46811
What are the prime factors of 5618977179?
3, 19, 269, 366463
List the prime factors of 1382147253.
3, 163, 509, 617
List the prime factors of 4780201838.
2, 2390100919
List the prime factors of 104637518.
2, 67, 780877
What are the prime factors of 754013475?
3, 5, 1117057
What are the prime factors of 26263105?
5, 11, 477511
What are the prime factors of 632527657?
8231, 76847
List the prime factors of 3451202546.
2, 11, 151, 283, 3671
What are the prime factors of 19787107?
23, 860309
List the prime factors of 2794175368.
2, 463, 754367
What are the prime factors of 470962919?
7, 67280417
List the prime factors of 3193717229.
3193717229
List the prime factors of 2286516652.
2, 7, 1093, 74713
What are the prime factors of 25283897?
25283897
List the prime factors of 37296321.
3, 12432107
List the prime factors of 734409469.
17, 5483, 7879
List the prime factors of 944160557.
23, 3041, 13499
What are the prime factors of 113361935?
5, 509, 44543
What are the prime factors of 7041364934?
2, 71, 743, 66739
What are the prime factors of 53886707?
7, 7698101
List the prime factors of 998385069.
3, 11, 1699, 17807
List the prime factors of 334974418.
2, 29, 5775421
List the prime factors of 665743104.
2, 3, 13, 31, 239
What are the prime factors of 12051915?
3, 5, 803461
List the prime factors of 6575278.
2, 3287639
List the prime factors of 1294518.
2, 3, 215753
What are the prime factors of 73546315?
5, 14709263
What are the prime factors of 5921028411?
3, 491, 4019707
List the prime factors of 1730246576.
2, 23, 41, 2797
List the prime factors of 127979039.
9629, 13291
What are the prime factors of 580483550?
2, 5, 11609671
List the prime factors of 61049901.
3, 11, 29, 63793
List the prime factors of 4225019916.
2, 3, 13, 27083461
List the prime factors of 90824729.
43, 49121
What are the prime factors of 32015594?
2, 13, 29, 42461
List the prime factors of 18717034.
2, 7, 17, 78643
List the prime factors of 510798643.
17, 30046979
What are the prime factors of 93681334?
2, 46840667
What are the prime factors of 6394924424?
2, 7, 1367, 83537
List the prime factors of 4765807703.
4765807703
What are the prime factors of 13322360?
2, 5, 271, 1229
List the prime factors of 103635159.
3, 997, 34649
What are the prime factors of 39310129?
233, 168713
List the prime factors of 218658426.
2, 3, 7, 5206153
What are the prime factors of 182731250?
2, 5, 13, 173
What are the prime factors of 6576659?
71, 211, 439
List the prime factors of 9113785990.
2, 5, 107, 8517557
What are the prime factors of 860154692?
2, 215038673
What are the prime factors of 84614939?
41, 2063779
List the prime factors of 23192841.
3, 7, 59, 18719
List the prime factors of 4171883613.
3, 167, 8327113
List the prime factors of 68362638.
2, 3, 11393773
What are the prime factors of 601871655?
3, 5, 7, 11, 17, 29, 151
What are the prime factors of 420000748?
2, 157, 668791
List the prime factors of 3221082178.
2, 1610541089
List the prime factors of 37279236.
2, 3, 31, 100213
What are the prime factors of 3381269126?
2, 7459, 226657
List the prime factors of 4736255.
5, 281, 3371
What are the prime factors of 34658376?
2, 3, 17, 84947
List the prime factors of 1111312334.
2, 11, 109, 463433
What are the prime factors of 76450061?
29, 31, 277, 307
List the prime factors of 83359425.
3, 5, 853, 1303
List the prime factors of 520259856.
2, 3, 31, 349637
List the prime factors of 619309130.
2, 5, 11, 47, 103, 1163
What are the prime factors of 1757338011?
3, 11, 13, 151717
List the prime factors of 122932829.
43, 2858903
What are the prime factors of 4753684776?
2, 3, 198070199
List the prime factors of 19376157.
3, 569, 11351
List the prime factors of 61774290.
2, 3, 5, 41, 16741
What are the prime factors of 4292957097?
3, 11, 13, 31, 89
What are the prime factors of 37596463?
4649, 8087
List the prime factors of 59640755.
5, 11928151
What are the prime factors of 19270093?
101, 190793
List the prime factors of 325649473.
325649473
What are the prime factors of 1327461499?
7, 13, 241, 8647
List the prime factors of 241791300.
2, 3, 5, 37, 53, 137
List the prime factors of 111607349.
7, 19, 313, 383
What are the prime factors of 706186315?
5, 141237263
List the prime factors of 5386541186.
2, 13, 207174661
List the prime factors of 114423463.
7, 11, 1486019
What are the prime factors of 312661063?
11, 13, 37, 59093
What are the prime factors of 4529705073?
3, 71, 1549, 13729
List the prime factors of 1489775631.
3, 41, 12111997
List the prime factors of 2762145858.
2, 3, 460357643
List the prime factors of 6311696960.
2, 5, 571, 34543
List the prime factors of 2491054628.
2, 73, 8531009
What are the prime factors of 3179645898?
2, 3, 11, 13, 17, 29, 7517
What are the prime factors of 238664908?
2, 31, 293, 6569
List the prime factors of 141063357.
3, 349, 134731
What are the prime factors of 7066917?
3, 11, 13, 17, 19
List the prime factors of 137574686.
2, 68787343
List the prime factors of 1637619772.
2, 409404943
What are the prime factors of 1682447799?
3, 43, 101, 139, 929
What are the prime factors of 11540392?
2, 1442549
List the prime factors of 20620123.
20620123
What are the prime factors of 388719739?
17, 1345051
What are the prime factors of 56719894?
2, 7, 11, 31, 109
What are the prime factors of 58046205?
3, 5, 7, 552821
List the prime factors of 1341477951.
3, 11, 40650847
What are the prime factors of 3024098179?
1277, 2368127
What are the prime factors of 50216529?
3, 11, 239, 6367
List the prime factors of 2478032.
2, 154877
What are the prime factors of 335055069?
3, 673, 18439
What are the prime factors of 1261102281?
3, 420367427
What are the prime factors of 72096030?
2, 3, 5, 23, 29, 1201
What are the prime factors of 56714044?
2, 23, 37, 16661
What are the prime factors of 138898150?
2, 5, 23, 269, 449
List the prime factors of 547